{"id":1215,"date":"2025-01-28T13:44:06","date_gmt":"2025-01-28T16:44:06","guid":{"rendered":"https:\/\/www.cdiginformatica.com.br\/portal\/?page_id=1215"},"modified":"2025-02-04T15:17:31","modified_gmt":"2025-02-04T18:17:31","slug":"nota-fiscal-eletronica","status":"publish","type":"page","link":"https:\/\/www.cdiginformatica.com.br\/portal\/automacao-comercial-2\/nota-fiscal-eletronica\/","title":{"rendered":"Nota Fiscal Eletr\u00f4nica"},"content":{"rendered":"\n\n\n<p><strong>Cobran\u00e7a e Nota Fiscal<\/strong><\/p>\n<p><strong>na Palma da M\u00e3o<\/strong><\/p>\n<p>Descomplique sua vida e as opera\u00e7\u00f5es da sua empresa de forma simples e f\u00e1cil.\n\nEmita seus documentos eletr\u00f4nicos e cobran\u00e7a atrav\u00e9s do <span style=\"color:#ffffff;\"><strong>computador, tablet ou smartphone<\/strong><\/span>.<\/p>\n\n\n\n\n\n\n\n\n<p>Vantagens dO EMISSOR F\u00c1CIL C-DIG<\/p>\n\n\n\n<p style=\"box-sizing: border-box; color: rgb(122, 122, 122); font-family: Roboto, sans-serif; font-size: 18px;\">O Emissor F\u00e1cil \u00e9 uma plataforma que se destaca como refer\u00eancia nacional por oferecer um servi\u00e7o completo e de qualidade para emiss\u00e3o de notas fiscais eletr\u00f4nicas e cobran\u00e7as.<\/p><p style=\"box-sizing: border-box; color: rgb(122, 122, 122); font-family: Roboto, sans-serif; font-size: 18px;\">Com sua interface intuitiva e funcionalidades avan\u00e7adas, o sistema facilita a vida de empreendedores e profissionais aut\u00f4nomos, permitindo que eles emitam notas fiscais de forma r\u00e1pida e segura.<\/p><p style=\"box-sizing: border-box; color: rgb(122, 122, 122); font-family: Roboto, sans-serif; font-size: 18px;\"><span style=\"font-weight: 700; color: rgb(0, 0, 0); font-family: Raleway; font-size: 16px;\">Emita todos os documentos em um s\u00f3 lugar:&nbsp;<\/span><span style=\"color: rgb(0, 0, 0); font-family: Raleway; font-size: 16px;\">Nota Fiscal Elter\u00f4nica&nbsp;<\/span><span style=\"color: rgb(0, 0, 0); font-family: Raleway; font-size: 16px; font-weight: 700;\">(NFe),&nbsp;<\/span><span style=\"color: rgb(0, 0, 0); font-family: Raleway; font-size: 16px;\">Nota Fiscal ao Consumidor Eletr\u00f4nica&nbsp;<\/span><span style=\"color: rgb(0, 0, 0); font-family: Raleway; font-size: 16px; font-weight: 700;\">(NFCe),&nbsp;<\/span><span style=\"color: rgb(0, 0, 0); font-family: Raleway; font-size: 16px;\">Conhecimento de Transporte Eletr\u00f4nico&nbsp;<\/span><span style=\"color: rgb(0, 0, 0); font-family: Raleway; font-size: 16px; font-weight: 700;\">(CTe),&nbsp;<\/span><span style=\"color: rgb(0, 0, 0); font-family: Raleway; font-size: 16px;\">Nota Fiscal ao Produtor Eletr\u00f4nica&nbsp;<\/span><span style=\"color: rgb(0, 0, 0); font-family: Raleway; font-size: 16px; font-weight: 700;\">(NFPe),&nbsp;<\/span><span style=\"color: rgb(0, 0, 0); font-family: Raleway; font-size: 16px;\">Manifesto Eletr\u00f4nico de Documentos&nbsp;<\/span><span style=\"color: rgb(0, 0, 0); font-family: Raleway; font-size: 16px; font-weight: 700;\">(MDFe),&nbsp;<\/span><span style=\"color: rgb(0, 0, 0); font-family: Raleway; font-size: 16px;\">Nota Fiscal de Servi\u00e7os Eletr\u00f4nica<\/span><span style=\"color: rgb(0, 0, 0); font-family: Raleway; font-size: 16px; font-weight: 700;\">(NFSe)<\/span><span style=\"color: rgb(0, 0, 0); font-family: Raleway; font-size: 16px;\">.<\/span><\/p><p style=\"box-sizing: border-box; color: rgb(122, 122, 122); font-family: Roboto, sans-serif; font-size: 18px;\"><span style=\"color: rgb(0, 0, 0); font-family: Raleway; font-size: 16px;\">Escolha como cobrar seus clientes, conhe\u00e7a nossas solu\u00e7\u00f5es: <strong>Boleto Banc\u00e1rio, Cart\u00e3o de Cr\u00e9dito ou PIX<\/strong>.<\/span><\/p>\n\n\n\n\nA ferramenta utiliza o <strong>Certificado A1 e A3<\/strong> para transmiss\u00e3o de seus documentos eletr\u00f4nicos junto \u00e0 SEFAZ. A3 somente pelo computador.\n\n\nResolva suas d\u00favidas com tutoriais, v\u00eddeos e ajuda de especialistas. Entre em contato pelo chat, e-mail ou telefone.\n\n\n<strong>Dispon\u00edvel 24 horas por dia, 7 dias por semana<\/strong>. Sem necessidade de instala\u00e7\u00e3o, voc\u00ea pode acess\u00e1-lo de onde quiser, quando quiser. Basta ter acesso \u00e0 internet, computador, tablet ou smartphone.\n\n\nImporte facilmente os cadastros dos clientes, produtos, servi\u00e7os e transportadoras do software gratuito da SEFAZ.\n\n\nO arquivamento e a gest\u00e3o dos seus documentos XML est\u00e3o assegurados por <strong>5 anos<\/strong>.\n\n\n\n\n\n\nNossos Planos\n\n\n\n\n\n<h3>B\u00c1SICO<\/h3>\n<h3>R$ 69,90<\/h3>\n<h6>mensal<\/h6>\n\nEmiss\u00e3o ilimitada de um dos modelos acima;\nAcesso por smartphone, tablet ou computador, sem pagar nada a mais por isso.\nTaxa de Implanta\u00e7\u00e3o: R$ 120,00\nSuporte R\u00e1pido e Humanizado\n\n\n\n<h3>AVAN\u00c7ADO<\/h3>\n<h3>R$ 99,90<\/h3>\n<h6>mensal<\/h6>\n\nEmiss\u00e3o ilimitada de todos os modelos acima;\nAcesso por smartphone, tablet ou computador, sem pagar nada a mais por isso.\nTaxa de Implanta\u00e7\u00e3o: R$ 120,00\nSuporte R\u00e1pido e Humanizado\n\n\n\n\n\n\n<p>FALE CONOSCO<\/p>\n\nPrecisa de ajuda com sua <strong>Nota Fiscal Eletr\u00f4nica (NF-e)<\/strong>? <strong><br><br>Entre em contato conosco! <\/strong><br><br>Nossa equipe est\u00e1 pronta para esclarecer d\u00favidas e oferecer suporte para garantir praticidade e agilidade no seu processo de emiss\u00e3o.\n\n\n<div class=\"forminator-ui forminator-custom-form forminator-custom-form-1242 forminator-design--flat forminator-enclosed forminator_ajax\" data-forminator-render=\"0\" data-form=\"forminator-module-1242\" data-uid=\"69ea47d94297f\"><br\/><\/div><form\n\t\t\t\tid=\"forminator-module-1242\"\n\t\t\t\tclass=\"forminator-ui forminator-custom-form forminator-custom-form-1242 forminator-design--flat forminator-enclosed forminator_ajax\"\n\t\t\t\tmethod=\"post\"\n\t\t\t\tdata-forminator-render=\"0\"\n\t\t\t\tdata-form-id=\"1242\"\n\t\t\t\t\n\t\t\t\tdata-design=\"flat\"\n\t\t\t\t\n\t\t\t\t\n\t\t\t\t\n\t\t\t\tdata-grid=\"enclosed\"\n\t\t\t\t\n\t\t\t\t\n\t\t\t\tstyle=\"display: none;\"\n\t\t\t\t\n\t\t\t\tdata-uid=\"69ea47d94297f\"\n\t\t\t><div role=\"alert\" aria-live=\"polite\" class=\"forminator-response-message forminator-error\" aria-hidden=\"true\"><\/div><div class=\"forminator-row\"><div id=\"name-1\" class=\"forminator-field-name forminator-col forminator-col-12 \"><div class=\"forminator-field\"><label for=\"forminator-field-name-1_69ea47d94297f\" id=\"forminator-field-name-1_69ea47d94297f-label\" class=\"forminator-label\">Nome Completo <span class=\"forminator-required\">*<\/span><\/label><input type=\"text\" name=\"name-1\" value=\"\" placeholder=\"\" id=\"forminator-field-name-1_69ea47d94297f\" class=\"forminator-input forminator-name--field\" aria-required=\"true\" \/><\/div><\/div><\/div><div class=\"forminator-row\"><div id=\"name-2\" class=\"forminator-field-name forminator-col forminator-col-12 \"><div class=\"forminator-field\"><label for=\"forminator-field-name-2_69ea47d94297f\" id=\"forminator-field-name-2_69ea47d94297f-label\" class=\"forminator-label\">Raz\u00e3o Social <span class=\"forminator-required\">*<\/span><\/label><input type=\"text\" name=\"name-2\" value=\"\" placeholder=\"\" id=\"forminator-field-name-2_69ea47d94297f\" class=\"forminator-input forminator-name--field\" aria-required=\"true\" \/><\/div><\/div><\/div><div class=\"forminator-row\"><div id=\"text-1\" class=\"forminator-field-text forminator-col forminator-col-12 \"><div class=\"forminator-field\"><label for=\"forminator-field-text-1_69ea47d94297f\" id=\"forminator-field-text-1_69ea47d94297f-label\" class=\"forminator-label\">CNPJ <span class=\"forminator-required\">*<\/span><\/label><input type=\"text\" name=\"text-1\" value=\"\" placeholder=\"00.000.000\/0000-00\" id=\"forminator-field-text-1_69ea47d94297f\" class=\"forminator-input forminator-name--field\" data-required=\"1\" maxlength=\"18\" \/><span id=\"forminator-field-text-1_69ea47d94297f-description\" class=\"forminator-description\"><span data-limit=\"18\" data-type=\"characters\">0 \/ 18<\/span><\/span><\/div><\/div><\/div><div class=\"forminator-row\"><div id=\"email-1\" class=\"forminator-field-email forminator-col forminator-col-6 \"><div class=\"forminator-field\"><label for=\"forminator-field-email-1_69ea47d94297f\" id=\"forminator-field-email-1_69ea47d94297f-label\" class=\"forminator-label\">E-mail <span class=\"forminator-required\">*<\/span><\/label><input type=\"email\" name=\"email-1\" value=\"\" placeholder=\"\" id=\"forminator-field-email-1_69ea47d94297f\" class=\"forminator-input forminator-email--field\" data-required=\"1\" aria-required=\"true\" \/><\/div><\/div><div id=\"phone-1\" class=\"forminator-field-phone forminator-col forminator-col-6 \"><div class=\"forminator-field\"><label for=\"forminator-field-phone-1_69ea47d94297f\" id=\"forminator-field-phone-1_69ea47d94297f-label\" class=\"forminator-label\">Telefone\/Whatsapp <span class=\"forminator-required\">*<\/span><\/label><input type=\"text\" name=\"phone-1\" value=\"\" placeholder=\"(xx) xxxxxxxxx\" id=\"forminator-field-phone-1_69ea47d94297f\" class=\"forminator-input forminator-field--phone\" data-required=\"1\" aria-required=\"true\" autocomplete=\"off\" data-national_mode=\"enabled\" data-country=\"br\" data-validation=\"standard\" \/><\/div><\/div><\/div><div class=\"forminator-row\"><div id=\"consent-1\" class=\"forminator-field-consent forminator-col forminator-col-12  style=&#039;font-size:10px; color:#ffffff&#039;\"><div class=\"forminator-field\"><div class=\"forminator-checkbox__wrapper\"><label id=\"forminator-field-consent-1_69ea47d94297f__label\" class=\"forminator-checkbox forminator-consent\" aria-labelledby=\"forminator-field-consent-1_69ea47d94297f-label\" aria-hidden=\"true\"><input type=\"checkbox\" name=\"consent-1\" id=\"forminator-field-consent-1_69ea47d94297f\" value=\"checked\" aria-labelledby=\"forminator-field-consent-1_69ea47d94297f-label\" aria-describedby=\"forminator-field-consent-1_69ea47d94297f__description\" data-required=\"true\" aria-required=\"true\" \/><span class=\"forminator-checkbox-box\" aria-hidden=\"true\"><\/span><\/label><div id=\"forminator-field-consent-1_69ea47d94297f__description\" class=\"forminator-checkbox__label forminator-consent__label\"><p>Autorizo a utiliza\u00e7\u00e3o dos dados informados neste cadastro, a t\u00edtulo gratuito, pela C-DIG e demais institui\u00e7\u00f5es parceiras, com a finalidade de gerar dados estat\u00edsticos; promover conhecimento, inclus\u00e3o social, amparo legal, bem como para viabilizar a\u00e7\u00f5es e projetos. Igualmente, autorizo a utiliza\u00e7\u00e3o do dos meus dados cadastrais, em especial nome, e-mail e n\u00famero de telefone, para envio de boletins informativos, not\u00edcias, divulga\u00e7\u00e3o de produtos e servi\u00e7os, e outros comunicados. Esta autoriza\u00e7\u00e3o poder\u00e1 ser revogada a qualquer momento, mediante simples requerimento \u00e0 C-DIG por meio do e-mail loja@cdiginformatica.com.br.<\/p><\/div><\/div><\/div><\/div><\/div><div class=\"forminator-row\"><div id=\"captcha-1\" class=\"forminator-field-captcha forminator-col forminator-col-12 \"><div class=\"forminator-captcha-left forminator-g-recaptcha recaptcha-invisible\" data-theme=\"light\" data-badge=\"inline\" data-sitekey=\"6Lchy6waAAAAABMM64TQgECmUeO2BSYvq3yyue8Z\" data-size=\"invisible\"><\/div> <\/div><\/div><div class=\"forminator-row forminator-hidden\"><input type=\"hidden\" id=\"hidden-1_69ea47d94297f\" name=\"hidden-1\" value=\"Nota Fiscal Eletr\u00f4nica\" \/><\/div><input type=\"hidden\" name=\"referer_url\" value=\"\" \/><div class=\"forminator-row forminator-row-last\"><div class=\"forminator-col\"><div class=\"forminator-field\"><button class=\"forminator-button forminator-button-submit\">Enviar mensagem<\/button><\/div><\/div><\/div><input type=\"hidden\" id=\"forminator_nonce\" name=\"forminator_nonce\" value=\"3571f35ca9\" \/><input type=\"hidden\" name=\"_wp_http_referer\" value=\"\/portal\/wp-json\/wp\/v2\/pages\/1215\" \/><input type=\"hidden\" name=\"form_id\" value=\"1242\"><input type=\"hidden\" name=\"page_id\" value=\"1215\"><input type=\"hidden\" name=\"form_type\" value=\"default\"><input type=\"hidden\" name=\"current_url\" value=\"https:\/\/www.cdiginformatica.com.br\/portal\/automacao-comercial-2\/nota-fiscal-eletronica\/\"><input type=\"hidden\" name=\"render_id\" value=\"0\"><input type=\"hidden\" name=\"action\" value=\"forminator_submit_form_custom-forms\"><\/form>\n\n\n","protected":false},"excerpt":{"rendered":"","protected":false},"author":1,"featured_media":1217,"parent":542,"menu_order":0,"comment_status":"closed","ping_status":"closed","template":"elementor_theme","meta":{"pagelayer_contact_templates":[],"_pagelayer_content":"","_monsterinsights_skip_tracking":false,"_monsterinsights_sitenote_active":false,"_monsterinsights_sitenote_note":"","_monsterinsights_sitenote_category":0,"footnotes":""},"class_list":["post-1215","page","type-page","status-publish","has-post-thumbnail","hentry"],"yoast_head":"<!-- This site is optimized with the Yoast SEO plugin v27.2 - https:\/\/yoast.com\/product\/yoast-seo-wordpress\/ -->\n<title>Nota Fiscal Eletr\u00f4nica na Palma da M\u00e3o<\/title>\n<meta name=\"description\" content=\"Dispon\u00edvel 24 horas por dia, 7 dias por semana. Basta ter acesso \u00e0 internet, computador, tablet ou smartphone.\" \/>\n<meta name=\"robots\" content=\"index, follow, max-snippet:-1, max-image-preview:large, max-video-preview:-1\" \/>\n<link rel=\"canonical\" href=\"https:\/\/www.cdiginformatica.com.br\/portal\/automacao-comercial-2\/nota-fiscal-eletronica\/\" \/>\n<meta property=\"og:locale\" content=\"pt_BR\" \/>\n<meta property=\"og:type\" content=\"article\" \/>\n<meta property=\"og:title\" content=\"Nota Fiscal Eletr\u00f4nica na Palma da M\u00e3o\" \/>\n<meta property=\"og:description\" content=\"Dispon\u00edvel 24 horas por dia, 7 dias por semana. Basta ter acesso \u00e0 internet, computador, tablet ou smartphone.\" \/>\n<meta property=\"og:url\" content=\"https:\/\/www.cdiginformatica.com.br\/portal\/automacao-comercial-2\/nota-fiscal-eletronica\/\" \/>\n<meta property=\"og:site_name\" content=\"C-DIG Solu\u00e7\u00f5es em Tecnologia e Certifica\u00e7\u00e3o Digital\" \/>\n<meta property=\"article:publisher\" content=\"https:\/\/www.facebook.com\/cdiginformatica\" \/>\n<meta property=\"article:modified_time\" content=\"2025-02-04T18:17:31+00:00\" \/>\n<meta property=\"og:image\" content=\"https:\/\/www.cdiginformatica.com.br\/portal\/wp-content\/uploads\/2024\/12\/cartoes.png\" \/>\n\t<meta property=\"og:image:width\" content=\"1600\" \/>\n\t<meta property=\"og:image:height\" content=\"1000\" \/>\n\t<meta property=\"og:image:type\" content=\"image\/png\" \/>\n<meta name=\"twitter:label1\" content=\"Est. tempo de leitura\" \/>\n\t<meta name=\"twitter:data1\" content=\"1 minuto\" \/>\n<script type=\"application\/ld+json\" class=\"yoast-schema-graph\">{\"@context\":\"https:\/\/schema.org\",\"@graph\":[{\"@type\":\"WebPage\",\"@id\":\"https:\/\/www.cdiginformatica.com.br\/portal\/automacao-comercial-2\/nota-fiscal-eletronica\/\",\"url\":\"https:\/\/www.cdiginformatica.com.br\/portal\/automacao-comercial-2\/nota-fiscal-eletronica\/\",\"name\":\"Nota Fiscal Eletr\u00f4nica na Palma da M\u00e3o\",\"isPartOf\":{\"@id\":\"https:\/\/www.cdiginformatica.com.br\/portal\/#website\"},\"primaryImageOfPage\":{\"@id\":\"https:\/\/www.cdiginformatica.com.br\/portal\/automacao-comercial-2\/nota-fiscal-eletronica\/#primaryimage\"},\"image\":{\"@id\":\"https:\/\/www.cdiginformatica.com.br\/portal\/automacao-comercial-2\/nota-fiscal-eletronica\/#primaryimage\"},\"thumbnailUrl\":\"https:\/\/www.cdiginformatica.com.br\/portal\/wp-content\/uploads\/2024\/12\/banner_nfe.png\",\"datePublished\":\"2025-01-28T16:44:06+00:00\",\"dateModified\":\"2025-02-04T18:17:31+00:00\",\"description\":\"Dispon\u00edvel 24 horas por dia, 7 dias por semana. Basta ter acesso \u00e0 internet, computador, tablet ou smartphone.\",\"breadcrumb\":{\"@id\":\"https:\/\/www.cdiginformatica.com.br\/portal\/automacao-comercial-2\/nota-fiscal-eletronica\/#breadcrumb\"},\"inLanguage\":\"pt-BR\",\"potentialAction\":[{\"@type\":\"ReadAction\",\"target\":[\"https:\/\/www.cdiginformatica.com.br\/portal\/automacao-comercial-2\/nota-fiscal-eletronica\/\"]}]},{\"@type\":\"ImageObject\",\"inLanguage\":\"pt-BR\",\"@id\":\"https:\/\/www.cdiginformatica.com.br\/portal\/automacao-comercial-2\/nota-fiscal-eletronica\/#primaryimage\",\"url\":\"https:\/\/www.cdiginformatica.com.br\/portal\/wp-content\/uploads\/2024\/12\/banner_nfe.png\",\"contentUrl\":\"https:\/\/www.cdiginformatica.com.br\/portal\/wp-content\/uploads\/2024\/12\/banner_nfe.png\",\"width\":1600,\"height\":700},{\"@type\":\"BreadcrumbList\",\"@id\":\"https:\/\/www.cdiginformatica.com.br\/portal\/automacao-comercial-2\/nota-fiscal-eletronica\/#breadcrumb\",\"itemListElement\":[{\"@type\":\"ListItem\",\"position\":1,\"name\":\"In\u00edcio\",\"item\":\"https:\/\/www.cdiginformatica.com.br\/portal\/\"},{\"@type\":\"ListItem\",\"position\":2,\"name\":\"Automa\u00e7\u00e3o Comercial\",\"item\":\"https:\/\/www.cdiginformatica.com.br\/portal\/automacao-comercial-2\/\"},{\"@type\":\"ListItem\",\"position\":3,\"name\":\"Nota Fiscal Eletr\u00f4nica\"}]},{\"@type\":\"WebSite\",\"@id\":\"https:\/\/www.cdiginformatica.com.br\/portal\/#website\",\"url\":\"https:\/\/www.cdiginformatica.com.br\/portal\/\",\"name\":\"CDIG SOLU\u00c7\u00d5ES EM TECNOLOGIA & CERTIFICA\u00c7\u00c3O DIGITAL - N\u00daVEM, AUTOMA\u00c7\u00c3O COMERCIAL E EQUIPAMENTOS\",\"description\":\"Certifica\u00e7\u00e3o Digital, Equipamentos para Automa\u00e7\u00e3o Comercial, Backup em N\u00favem, Firewall Bluepex, Nota Fiscal Eletr\u00f4nica, Servidores e Hardwares em geral\",\"publisher\":{\"@id\":\"https:\/\/www.cdiginformatica.com.br\/portal\/#organization\"},\"potentialAction\":[{\"@type\":\"SearchAction\",\"target\":{\"@type\":\"EntryPoint\",\"urlTemplate\":\"https:\/\/www.cdiginformatica.com.br\/portal\/?s={search_term_string}\"},\"query-input\":{\"@type\":\"PropertyValueSpecification\",\"valueRequired\":true,\"valueName\":\"search_term_string\"}}],\"inLanguage\":\"pt-BR\"},{\"@type\":\"Organization\",\"@id\":\"https:\/\/www.cdiginformatica.com.br\/portal\/#organization\",\"name\":\"C-DIG Solu\u00e7\u00f5es em Tecnologia & Certifica\u00e7\u00e3o Digital\",\"url\":\"https:\/\/www.cdiginformatica.com.br\/portal\/\",\"logo\":{\"@type\":\"ImageObject\",\"inLanguage\":\"pt-BR\",\"@id\":\"https:\/\/www.cdiginformatica.com.br\/portal\/#\/schema\/logo\/image\/\",\"url\":\"https:\/\/www.cdiginformatica.com.br\/portal\/wp-content\/uploads\/2022\/09\/LOGO-CDIG-SOLUCOES-E-CERTIFICACAO-PRETO.png\",\"contentUrl\":\"https:\/\/www.cdiginformatica.com.br\/portal\/wp-content\/uploads\/2022\/09\/LOGO-CDIG-SOLUCOES-E-CERTIFICACAO-PRETO.png\",\"width\":\"3322\",\"height\":\"1417\",\"caption\":\"C-DIG Solu\u00e7\u00f5es em Tecnologia & Certifica\u00e7\u00e3o Digital\"},\"image\":{\"@id\":\"https:\/\/www.cdiginformatica.com.br\/portal\/#\/schema\/logo\/image\/\"},\"sameAs\":[\"https:\/\/www.facebook.com\/cdiginformatica\",\"https:\/\/www.instagram.com\/cdiginformatica\",\"https:\/\/www.linkedin.com\/company\/cdigcertificadodigital\"]}]}<\/script>\n<!-- \/ Yoast SEO plugin. -->","yoast_head_json":{"title":"Nota Fiscal Eletr\u00f4nica na Palma da M\u00e3o","description":"Dispon\u00edvel 24 horas por dia, 7 dias por semana. Basta ter acesso \u00e0 internet, computador, tablet ou smartphone.","robots":{"index":"index","follow":"follow","max-snippet":"max-snippet:-1","max-image-preview":"max-image-preview:large","max-video-preview":"max-video-preview:-1"},"canonical":"https:\/\/www.cdiginformatica.com.br\/portal\/automacao-comercial-2\/nota-fiscal-eletronica\/","og_locale":"pt_BR","og_type":"article","og_title":"Nota Fiscal Eletr\u00f4nica na Palma da M\u00e3o","og_description":"Dispon\u00edvel 24 horas por dia, 7 dias por semana. Basta ter acesso \u00e0 internet, computador, tablet ou smartphone.","og_url":"https:\/\/www.cdiginformatica.com.br\/portal\/automacao-comercial-2\/nota-fiscal-eletronica\/","og_site_name":"C-DIG Solu\u00e7\u00f5es em Tecnologia e Certifica\u00e7\u00e3o Digital","article_publisher":"https:\/\/www.facebook.com\/cdiginformatica","article_modified_time":"2025-02-04T18:17:31+00:00","og_image":[{"width":1600,"height":1000,"url":"https:\/\/www.cdiginformatica.com.br\/portal\/wp-content\/uploads\/2024\/12\/cartoes.png","type":"image\/png"}],"twitter_misc":{"Est. tempo de leitura":"1 minuto"},"schema":{"@context":"https:\/\/schema.org","@graph":[{"@type":"WebPage","@id":"https:\/\/www.cdiginformatica.com.br\/portal\/automacao-comercial-2\/nota-fiscal-eletronica\/","url":"https:\/\/www.cdiginformatica.com.br\/portal\/automacao-comercial-2\/nota-fiscal-eletronica\/","name":"Nota Fiscal Eletr\u00f4nica na Palma da M\u00e3o","isPartOf":{"@id":"https:\/\/www.cdiginformatica.com.br\/portal\/#website"},"primaryImageOfPage":{"@id":"https:\/\/www.cdiginformatica.com.br\/portal\/automacao-comercial-2\/nota-fiscal-eletronica\/#primaryimage"},"image":{"@id":"https:\/\/www.cdiginformatica.com.br\/portal\/automacao-comercial-2\/nota-fiscal-eletronica\/#primaryimage"},"thumbnailUrl":"https:\/\/www.cdiginformatica.com.br\/portal\/wp-content\/uploads\/2024\/12\/banner_nfe.png","datePublished":"2025-01-28T16:44:06+00:00","dateModified":"2025-02-04T18:17:31+00:00","description":"Dispon\u00edvel 24 horas por dia, 7 dias por semana. Basta ter acesso \u00e0 internet, computador, tablet ou smartphone.","breadcrumb":{"@id":"https:\/\/www.cdiginformatica.com.br\/portal\/automacao-comercial-2\/nota-fiscal-eletronica\/#breadcrumb"},"inLanguage":"pt-BR","potentialAction":[{"@type":"ReadAction","target":["https:\/\/www.cdiginformatica.com.br\/portal\/automacao-comercial-2\/nota-fiscal-eletronica\/"]}]},{"@type":"ImageObject","inLanguage":"pt-BR","@id":"https:\/\/www.cdiginformatica.com.br\/portal\/automacao-comercial-2\/nota-fiscal-eletronica\/#primaryimage","url":"https:\/\/www.cdiginformatica.com.br\/portal\/wp-content\/uploads\/2024\/12\/banner_nfe.png","contentUrl":"https:\/\/www.cdiginformatica.com.br\/portal\/wp-content\/uploads\/2024\/12\/banner_nfe.png","width":1600,"height":700},{"@type":"BreadcrumbList","@id":"https:\/\/www.cdiginformatica.com.br\/portal\/automacao-comercial-2\/nota-fiscal-eletronica\/#breadcrumb","itemListElement":[{"@type":"ListItem","position":1,"name":"In\u00edcio","item":"https:\/\/www.cdiginformatica.com.br\/portal\/"},{"@type":"ListItem","position":2,"name":"Automa\u00e7\u00e3o Comercial","item":"https:\/\/www.cdiginformatica.com.br\/portal\/automacao-comercial-2\/"},{"@type":"ListItem","position":3,"name":"Nota Fiscal Eletr\u00f4nica"}]},{"@type":"WebSite","@id":"https:\/\/www.cdiginformatica.com.br\/portal\/#website","url":"https:\/\/www.cdiginformatica.com.br\/portal\/","name":"CDIG SOLU\u00c7\u00d5ES EM TECNOLOGIA & CERTIFICA\u00c7\u00c3O DIGITAL - N\u00daVEM, AUTOMA\u00c7\u00c3O COMERCIAL E EQUIPAMENTOS","description":"Certifica\u00e7\u00e3o Digital, Equipamentos para Automa\u00e7\u00e3o Comercial, Backup em N\u00favem, Firewall Bluepex, Nota Fiscal Eletr\u00f4nica, Servidores e Hardwares em geral","publisher":{"@id":"https:\/\/www.cdiginformatica.com.br\/portal\/#organization"},"potentialAction":[{"@type":"SearchAction","target":{"@type":"EntryPoint","urlTemplate":"https:\/\/www.cdiginformatica.com.br\/portal\/?s={search_term_string}"},"query-input":{"@type":"PropertyValueSpecification","valueRequired":true,"valueName":"search_term_string"}}],"inLanguage":"pt-BR"},{"@type":"Organization","@id":"https:\/\/www.cdiginformatica.com.br\/portal\/#organization","name":"C-DIG Solu\u00e7\u00f5es em Tecnologia & Certifica\u00e7\u00e3o Digital","url":"https:\/\/www.cdiginformatica.com.br\/portal\/","logo":{"@type":"ImageObject","inLanguage":"pt-BR","@id":"https:\/\/www.cdiginformatica.com.br\/portal\/#\/schema\/logo\/image\/","url":"https:\/\/www.cdiginformatica.com.br\/portal\/wp-content\/uploads\/2022\/09\/LOGO-CDIG-SOLUCOES-E-CERTIFICACAO-PRETO.png","contentUrl":"https:\/\/www.cdiginformatica.com.br\/portal\/wp-content\/uploads\/2022\/09\/LOGO-CDIG-SOLUCOES-E-CERTIFICACAO-PRETO.png","width":"3322","height":"1417","caption":"C-DIG Solu\u00e7\u00f5es em Tecnologia & Certifica\u00e7\u00e3o Digital"},"image":{"@id":"https:\/\/www.cdiginformatica.com.br\/portal\/#\/schema\/logo\/image\/"},"sameAs":["https:\/\/www.facebook.com\/cdiginformatica","https:\/\/www.instagram.com\/cdiginformatica","https:\/\/www.linkedin.com\/company\/cdigcertificadodigital"]}]}},"_links":{"self":[{"href":"https:\/\/www.cdiginformatica.com.br\/portal\/wp-json\/wp\/v2\/pages\/1215","targetHints":{"allow":["GET"]}}],"collection":[{"href":"https:\/\/www.cdiginformatica.com.br\/portal\/wp-json\/wp\/v2\/pages"}],"about":[{"href":"https:\/\/www.cdiginformatica.com.br\/portal\/wp-json\/wp\/v2\/types\/page"}],"author":[{"embeddable":true,"href":"https:\/\/www.cdiginformatica.com.br\/portal\/wp-json\/wp\/v2\/users\/1"}],"replies":[{"embeddable":true,"href":"https:\/\/www.cdiginformatica.com.br\/portal\/wp-json\/wp\/v2\/comments?post=1215"}],"version-history":[{"count":38,"href":"https:\/\/www.cdiginformatica.com.br\/portal\/wp-json\/wp\/v2\/pages\/1215\/revisions"}],"predecessor-version":[{"id":1356,"href":"https:\/\/www.cdiginformatica.com.br\/portal\/wp-json\/wp\/v2\/pages\/1215\/revisions\/1356"}],"up":[{"embeddable":true,"href":"https:\/\/www.cdiginformatica.com.br\/portal\/wp-json\/wp\/v2\/pages\/542"}],"wp:featuredmedia":[{"embeddable":true,"href":"https:\/\/www.cdiginformatica.com.br\/portal\/wp-json\/wp\/v2\/media\/1217"}],"wp:attachment":[{"href":"https:\/\/www.cdiginformatica.com.br\/portal\/wp-json\/wp\/v2\/media?parent=1215"}],"curies":[{"name":"wp","href":"https:\/\/api.w.org\/{rel}","templated":true}]}}